 12 = 4*a. Calculate the greatest common factor of a and 12.
12
Suppose -5*o + 9 = -21. Let i = -3 - 6. Let y = i - -21. What is the highest common divisor of y and o?
6
Let y = 4 - 1. Suppose -8*v = -y*v - 5*o - 370, 0 = 2*v - 5*o - 154. What is the highest common divisor of 9 and v?
9
Suppose -m - 3*m + 40 = 0. Suppose -4*j = 4*c + 16, j = 4*c + 2*j + 7. Let h be c/4 - 41/(-4). What is the greatest common divisor of m and h?
10
Let w(g) = -g**3 + 2*g**2 + 5*g - 4. Let z be w(3). Suppose -4*b + 4*j = -100, 0*b + 22 = b + z*j. What is the highest common divisor of b and 72?
24
Suppose -9*g + 14*g = 50. Calculate the highest common divisor of g and 10.
10
Let o = -22 + 34. What is the greatest common divisor of 3 and o?
3
Let u be (2 - 1)/((-1)/(-16)). Let f = u + 11. Let g = 15 + 3. What is the greatest common factor of g and f?
9
Let u = 5 + 6. Let s be ((-2)/1)/((-8)/44). What is the highest common divisor of s and u?
11
Let h(m) = -61*m + 2. Let o be h(4). Let k = -116 - o. Calculate the highest common divisor of 18 and k.
18
Let r = 111 + -79. Let d be (r/(-4))/(-1 - 0). Calculate the greatest common factor of 1 and d.
1
Let x(q) = q**3 + 6*q**2 - 8*q - 15. Let f be x(-6). What is the highest common factor of 33 and f?
33
Suppose 68 = 4*l - 4*x, l + 2*x + 66 = 5*l. Let g = l + -11. What is the highest common divisor of 25 and g?
5
Let o(i) = -2*i + 26. Let n be o(-6). Calculate the highest common divisor of n and 190.
38
Let q(c) = 0 + 5*c - 12*c**2 + 13*c**2 - 5. Let d = -22 - -15. Let n be q(d). What is the greatest common divisor of 27 and n?
9
Let d(b) = b - 9. Let w be d(11). Let m be (-1)/(-2)*w - -26. Let k be 4/(1*3/m). Calculate the highest common factor of 54 and k.
18
Suppose 2*l - 240 = -0*l. Let i = 7 + 46. Let s = i - 38. Calculate the highest common factor of s and l.
15
Let l be -1*(-22 + 8/(-4)). Calculate the highest common factor of 240 and l.
24
Let j be 10 + -1*(-1 - 1 - -3). Calculate the greatest common divisor of j and 9.
9
Let r = 121 + -87. What is the highest common divisor of r and 2?
2
Let a be (-9)/(-2) + (-12)/8. Suppose 2*f = -a*g + 56 - 5, 5*f = -2*g + 45. Calculate the highest common factor of g and 3.
3
Let u = 208 - -65. Calculate the highest common divisor of u and 39.
39
Suppose -270 = 2*r - 5*r. Suppose 0 = -2*z + 1 + 35. What is the highest common divisor of r and z?
18
Let v be (-2 - (-3 + 2)) + -2. Let u = -1 - v. Let r be 9/3 - u - -2. Calculate the greatest common divisor of r and 15.
3
Let c be (6*10/(-45))/(1/(-24)). Let g be (0 - 0)/(-1)*-1. Suppose 0 = -j + 8 - g. Calculate the highest common divisor of c and j.
8
Let x(y) = y**2 + 19*y - 14. Let z be x(-20). Let u be (-5)/((-10)/4) + 2. Calculate the greatest common divisor of z and u.
2
Let k(f) = -f**2 + 9*f + 14. Let a be k(8). What is the greatest common divisor of a and 220?
22
Suppose 36 = 2*g - g. What is the greatest common divisor of g and 12?
12
Let q(z) = z**3 - z**2 + 8. Let g be q(0). Let u be (0 - 91)*(6 - 5). Let l = -3 - u. What is the greatest common divisor of l and g?
8
Let d(u) = 6*u - 3. Let y be d(4). Calculate the greatest common divisor of y and 14.
7
Let d(o) = 33*o - 7. Let g be d(7). Let q = -140 + g. What is the greatest common divisor of 12 and q?
12
Suppose -3*z = -a - 2*a + 54, -z - 2 = 0. What is the highest common factor of 16 and a?
16
Let n = 7 + 63. Calculate the highest common factor of 14 and n.
14
Suppose -5*x - 198 = -14*x. What is the greatest common divisor of x and 110?
22
Suppose -4*a + 11 = -5. Let o be 189/14 - (-6)/a. Calculate the greatest common divisor of 135 and o.
15
Let l(d) = d**2 - 4*d - 2. Let u be l(5). Let h be 0 - (u*12)/(-3). What is the greatest common factor of h and 108?
12
Let h = -5 + 21. Suppose 0 = a - 5*a + 984. Let m = a - 118. Calculate the greatest common divisor of h and m.
16
Let q be (96/(-4))/(-4) - 1. Suppose 2*u = -1 + 5. Calculate the greatest common factor of u and q.
1
Let d(b) = 15 - 2 - 5 + 7*b + 2*b**2 + 0. Let k be d(-4). Calculate the highest common factor of 36 and k.
12
Let b = -55 + 65. Let v be 2 + 0 - 3/(-1). What is the highest common factor of b and v?
5
Let p = -146 + 168. Calculate the greatest common divisor of p and 99.
11
Let i(g) = -2 + 0*g - 7*g + 0 + 0. Let a be i(-6). What is the highest common divisor of a and 20?
20
Let m = 265 + -100. Suppose 21 = -4*b + 3*b. Let u = 36 + b. What is the greatest common factor of m and u?
15
Suppose 0 = -4*h - 3*q + 59, 0 = 6*h - h + 2*q - 72. Suppose -6*a = -a - 105. What is the highest common divisor of h and a?
7
Let i be 55/(-2)*(0 - 14). What is the greatest common factor of i and 55?
55
Let y = 47 + -30. Let x = y - 16. What is the highest common divisor of x and 3?
1
Let d be 615/4 + (-3)/(-12). What is the greatest common divisor of d and 22?
22
Let a(k) = -54*k - 4. Let b be a(-2). Calculate the highest common factor of b and 13.
13
Let n(k) = -12*k**3 - 3*k**2 - 2*k. Let t be n(-2). Suppose 4*u + 2 + 2 = -y, -3*y + 3*u = -33. What is the highest common factor of y and t?
8
Let g = 23 - 43. Let i be g*15/12*-2. Calculate the highest common factor of i and 10.
10
Let o = 7 + -2. Suppose 4*p + 2*m + o = -m, 2*p = 2*m + 8. Calculate the highest common factor of p and 11.
1
Suppose -z + 2*g + 3 = 2*z, -3*z + 21 = 4*g. What is the greatest common divisor of 15 and z?
3
Let x be 5/2*72/20. Calculate the greatest common factor of x and 18.
9
Let n be (5 + (-44)/12)*(-1 - -37). What is the greatest common factor of n and 4?
4
Let r(y) = -12*y - 6. Let a be r(-6). Let t be ((-6)/7)/((-4)/28). What is the greatest common factor of a and t?
6
Let i = -41 - -60. Suppose -2*r = -5 - 1. Suppose 0 = -r*k - 20 + 419. Calculate the greatest common divisor of k and i.
19
Let m(f) = -1 + 8*f**3 - 18*f**3 - f**2 - 2*f + 11*f**3 + 7*f**3. Let h be 0 - -2*(0 + 1). Let t be m(h). What is the greatest common divisor of 5 and t?
5
Suppose 52 = 4*j + 4*n, -4*n + 6*n = 5*j - 65. What is the highest common factor of j and 91?
13
Let i be 36/(-3)*(-2)/(-3). Let c = -2 - i. What is the highest common divisor of c and 3?
3
Suppose -8*i + 320 = -4*i. Calculate the highest common divisor of 10 and i.
10
Suppose 0 = 4*x + r - 1944, 4*r = 2*x + 3*r - 972. Let d = x - 281. Suppose -235 - d = -4*o. Calculate the greatest common factor of o and 10.
10
Let v be (4 - 15)/(3/(-18)). Calculate the highest common factor of 44 and v.
22
Let k = 1 - -5. Let v(x) = 2*x**2 + 11*x - 9. Let c be v(-9). Calculate the greatest common factor of k and c.
6
Let g be -3*3/(-9)*6. Suppose 2*l + g = 16. Suppose -4*n - 65 = -l*a, -2*n - 52 = -4*a - n. What is the greatest common factor of 26 and a?
13
Suppose 124*p + 224 = 131*p. Let x(m) = m + 0*m**3 - 2*m + 5*m**3. Let d be x(1). What is the highest common divisor of d and p?
4
Let g(d) = -d**3 + 14*d**2 - 12*d - 8. Let u be g(13). Suppose u*f - 44 = 41. What is the highest common divisor of f and 102?
17
Suppose 0 = 2*h + 2*h - b - 537, -5*b = 2*h - 241. Calculate the highest common factor of 7 and h.
7
Suppose -2*l + 68 = 5*v, -3*v + 0*l + 4*l = -20. Let k = 327 - -105. Suppose 0*h = -4*h + k. What is the greatest common divisor of h and v?
12
Suppose -3*p = p - 4. Let i(t) = 3*t - 13. Let a be i(7). Calculate the greatest common divisor of p and a.
1
Let r(c) = -c**3 + 6*c**2 + 8*c - 1. Let l be r(7). Let o be 40/l*(-36)/15. Let y = o + 76. What is the highest common divisor of y and 20?
20
Suppose 0*p + 3*p = -3. Let z be (2/(-4))/(p/78). Let c be 132/5 + (-8)/20. Calculate the highest common divisor of c and z.
13
Let f = -1 - -1. Suppose -8*g = -4*g - 20. Let y = f + g. What is the greatest common factor of 10 and y?
5
Let f(g) = 15*g**2 + 2*g + 21. Let d(k) = -7*k**2 - k - 10. Let b(i) = -13*d(i) - 6*f(i). Let q be b(-3). What is the highest common divisor of q and 110?
10
Suppose -7*v = -3*v - 160. Suppose -5*w = -w. Suppose -g = -w*g - v. Calculate the greatest common divisor of g and 10.
10
Let p(u) = -u**2 + 10*u + 2. Let i(t) = t**2 - 9*t - 2. Let y(o) = 6*i(o) + 5*p(o). Let n be y(6). What is the highest common factor of n and 10?
10
Let f = -16 - -46. Calculate the highest common divisor of 10 and f.
10
Suppose 3*l - 2243 = -5*y, -21 = 5*l - 1. Calculate the highest common factor of y